{"id":83,"date":"2018-12-10T20:58:24","date_gmt":"2018-12-10T17:58:24","guid":{"rendered":"http:\/\/associacaolarrenascer.org.br\/site\/?page_id=83"},"modified":"2021-07-13T14:53:46","modified_gmt":"2021-07-13T11:53:46","slug":"transparencia","status":"publish","type":"page","link":"https:\/\/associacaolarrenascer.org.br\/site\/?page_id=83","title":{"rendered":"Transpar\u00eancia"},"content":{"rendered":"<p>Nossos relat\u00f3rios mensais (Ano 2020)<\/p>\n<p><strong><a href=\"http:\/\/associacaolarrenascer.org.br\/site\/wp-content\/uploads\/2020\/07\/BALAN\u00c7O-DRE-2019.pdf\" target=\"_blank\" rel=\"noopener\">D.E.R. e BALAN\u00c7O 2019<\/a><\/strong><\/p>\n<p><a href=\"http:\/\/associacaolarrenascer.org.br\/transparencia\/d-e-r-balanco-2020.pdf\"><span style=\"color: #000000;\"><strong>D.E.R. e BALAN\u00c7O 2020<\/strong><\/span><\/a><\/p>\n<p><a href=\"http:\/\/associacaolarrenascer.org.br\/transparencia\/anual-federal-2020.pdf\"><span style=\"color: #000000;\"><strong>ANEXO 14 FEDERAL<\/strong><\/span><\/a><\/p>\n<p><a href=\"http:\/\/associacaolarrenascer.org.br\/transparencia\/anual-municipal-2020.pdf\"><strong>ANEXO 14 MUNICIPAL<\/strong><\/a><\/p>\n<p><a href=\"http:\/\/associacaolarrenascer.org.br\/transparencia\/prestacao-de-contas-2020\/2020.rar\"><b>PRESTA\u00c7\u00c3O DE CONTAS 2020<\/b><\/a><\/p>\n<p><strong><b>PRESTA\u00c7\u00c3O DE CONTAS 2021<\/b><\/strong><\/p>\n<p><strong><a href=\"http:\/\/associacaolarrenascer.org.br\/transparencia\/plano2021.pdf\" target=\"_blank\" rel=\"noopener\">PLANO DE TRABALHO 2021\u00a0<\/a><\/strong><\/p>\n<p><strong><a href=\"http:\/\/associacaolarrenascer.org.br\/transparencia\/termo2021.pdf\" target=\"_blank\" rel=\"noopener\">TERMO DE PRORROGA\u00c7\u00c3O E COLABORA\u00c7\u00c3O 2021\u00a0<\/a><\/strong><\/p>\n<p><strong><a href=\"http:\/\/associacaolarrenascer.org.br\/transparencia\/janeiro.pdf\" target=\"_blank\" rel=\"noopener\">JANEIRO 2021\u00a0<\/a><\/strong><\/p>\n<p><strong><a href=\"http:\/\/associacaolarrenascer.org.br\/transparencia\/fevereiro.pdf\" target=\"_blank\" rel=\"noopener\">FEVEREIRO 2021<\/a><\/strong><\/p>\n<p><strong><a href=\"http:\/\/associacaolarrenascer.org.br\/transparencia\/marco.pdf\" target=\"_blank\" rel=\"noopener\">MAR\u00c7O 2021<\/a><\/strong><\/p>\n<p><strong><a href=\"http:\/\/associacaolarrenascer.org.br\/transparencia\/abril21.pdf\" target=\"_blank\" rel=\"noopener\">ABRIL 2021<\/a><\/strong><\/p>\n<p><strong><a href=\"http:\/\/associacaolarrenascer.org.br\/transparencia\/maio21.pdf\" target=\"_blank\" rel=\"noopener\">MAIO 2021<\/a><\/strong><\/p>\n<p><strong><a href=\"http:\/\/associacaolarrenascer.org.br\/transparencia\/junho21.pdf\" target=\"_blank\" rel=\"noopener\">JUNHO 2021<\/a><\/strong><\/p>\n\n\n<p><\/p>\n","protected":false},"excerpt":{"rendered":"<p>Nossos relat\u00f3rios mensais (Ano 2020) D.E.R. e BALAN\u00c7O 2019 D.E.R. e BALAN\u00c7O 2020 ANEXO 14 FEDERAL ANEXO 14 MUNICIPAL PRESTA\u00c7\u00c3O [&hellip;]<\/p>\n","protected":false},"author":2,"featured_media":0,"parent":0,"menu_order":0,"comment_status":"closed","ping_status":"closed","template":"","meta":{"site-sidebar-layout":"default","site-content-layout":"","ast-site-content-layout":"default","site-content-style":"default","site-sidebar-style":"default","ast-global-header-display":"","ast-banner-title-visibility":"","ast-main-header-display":"","ast-hfb-above-header-display":"","ast-hfb-below-header-display":"","ast-hfb-mobile-header-display":"","site-post-title":"","ast-breadcrumbs-content":"","ast-featured-img":"","footer-sml-layout":"","ast-disable-related-posts":"","theme-transparent-header-meta":"","adv-header-id-meta":"","stick-header-meta":"","header-above-stick-meta":"","header-main-stick-meta":"","header-below-stick-meta":"","astra-migrate-meta-layouts":"default","ast-page-background-enabled":"default","ast-page-background-meta":{"desktop":{"background-color":"var(--ast-global-color-5)","background-image":"","background-repeat":"repeat","background-position":"center center","background-size":"auto","background-attachment":"scroll","background-type":"","background-media":"","overlay-type":"","overlay-color":"","overlay-opacity":"","overlay-gradient":""},"tablet":{"background-color":"","background-image":"","background-repeat":"repeat","background-position":"center center","background-size":"auto","background-attachment":"scroll","background-type":"","background-media":"","overlay-type":"","overlay-color":"","overlay-opacity":"","overlay-gradient":""},"mobile":{"background-color":"","background-image":"","background-repeat":"repeat","background-position":"center center","background-size":"auto","background-attachment":"scroll","background-type":"","background-media":"","overlay-type":"","overlay-color":"","overlay-opacity":"","overlay-gradient":""}},"ast-content-background-meta":{"desktop":{"background-color":"var(--ast-global-color-4)","background-image":"","background-repeat":"repeat","background-position":"center center","background-size":"auto","background-attachment":"scroll","background-type":"","background-media":"","overlay-type":"","overlay-color":"","overlay-opacity":"","overlay-gradient":""},"tablet":{"background-color":"var(--ast-global-color-4)","background-image":"","background-repeat":"repeat","background-position":"center center","background-size":"auto","background-attachment":"scroll","background-type":"","background-media":"","overlay-type":"","overlay-color":"","overlay-opacity":"","overlay-gradient":""},"mobile":{"background-color":"var(--ast-global-color-4)","background-image":"","background-repeat":"repeat","background-position":"center center","background-size":"auto","background-attachment":"scroll","background-type":"","background-media":"","overlay-type":"","overlay-color":"","overlay-opacity":"","overlay-gradient":""}},"footnotes":""},"class_list":["post-83","page","type-page","status-publish","hentry"],"_links":{"self":[{"href":"https:\/\/associacaolarrenascer.org.br\/site\/index.php?rest_route=\/wp\/v2\/pages\/83","targetHints":{"allow":["GET"]}}],"collection":[{"href":"https:\/\/associacaolarrenascer.org.br\/site\/index.php?rest_route=\/wp\/v2\/pages"}],"about":[{"href":"https:\/\/associacaolarrenascer.org.br\/site\/index.php?rest_route=\/wp\/v2\/types\/page"}],"author":[{"embeddable":true,"href":"https:\/\/associacaolarrenascer.org.br\/site\/index.php?rest_route=\/wp\/v2\/users\/2"}],"replies":[{"embeddable":true,"href":"https:\/\/associacaolarrenascer.org.br\/site\/index.php?rest_route=%2Fwp%2Fv2%2Fcomments&post=83"}],"version-history":[{"count":49,"href":"https:\/\/associacaolarrenascer.org.br\/site\/index.php?rest_route=\/wp\/v2\/pages\/83\/revisions"}],"predecessor-version":[{"id":284,"href":"https:\/\/associacaolarrenascer.org.br\/site\/index.php?rest_route=\/wp\/v2\/pages\/83\/revisions\/284"}],"wp:attachment":[{"href":"https:\/\/associacaolarrenascer.org.br\/site\/index.php?rest_route=%2Fwp%2Fv2%2Fmedia&parent=83"}],"curies":[{"name":"wp","href":"https:\/\/api.w.org\/{rel}","templated":true}]}}